 f(d) = -7*d**2 + 16*d + 8. Let u(c) = -2*f(c) + 5*w(c). Calculate u(h).
19
Let l(c) = 3*c**3 + c**2 - 2*c. Let d = 192 - 101. Let x be (-208)/d + 2/7. Determine l(x).
-16
Suppose 4*g + 2*z + 3 = 41, -2*g + z = -21. Suppose 0 = -2*a + 4*p - 2, 2*a - g = p - 12. Let b(d) = -d + 1. Give b(a).
2
Let y be (-1)/(-3)*60/4. Suppose -y*d - 7*d + 12 = 0. Let c(t) be the second derivative of -19*t**4/12 + t**3/3 - t**2/2 + t. Calculate c(d).
-18
Let a(u) = 7*u - 26. Suppose -4*l - d = -24, -40*l - 12 = -42*l - d. Determine a(l).
16
Suppose -2*c + 4*c + 8 = 0, -38 = 3*g + 5*c. Let j be 2/(-15) - g/45. Let h be (j/(-21))/(0 - 1). Let f(s) = s**3 - s. Determine f(h).
0
Let d = 199 + -188. Let x(v) = -13*v + 79. Let f(w) = 7*w - 39. Let r(b) = 5*f(b) + 3*x(b). Let i be r(d). Let j(p) = -3*p - 2. Calculate j(i).
4
Let s(h) be the third derivative of h**6/120 - 7*h**5/60 - h**3/6 + h**2. Suppose 3*d = -1 + 13. Suppose b + 23 = 3*n - 0*b, -3*n + d*b = -29. What is s(n)?
-1
Let n(g) = -g**3 + 2*g**2 - 40*g + 79. Let t be n(2). Let s(h) = -37*h**2 + h + 1. Give s(t).
-37
Let p = -43 + 40. Let y be (-21)/(-15) + 4/(20/3). Let q(l) = -l - 2*l**2 + y*l - 3*l**2 + 3*l**2 - l**3. Calculate q(p).
6
Let b be 6/(-1)*64/24. Let m = 22 + b. Let g(n) = -n + m - n**2 - 1 - 5 + 3. What is g(-3)?
-3
Let u(p) = -p**2 + 6*p - 3. Let w(z) = 34 + 43*z - 40*z + 15. Let y be w(-15). Let d be ((-39)/15 - -3)*20/y. Calculate u(d).
5
Let d be (-8)/2*(-1)/(-4). Let q(l) = 27*l + 2. Determine q(d).
-25
Let s(x) = -8*x**3 - x. Let j be s(-1). Let k(g) = j*g**2 + 3*g - 8*g**2 + 3 - 6*g. Let c = -12 - -16. Determine k(c).
7
Let q be (-5 + 7 - 7) + -46. Let r = q - -42. Let h(n) be the third derivative of -n**6/120 - 2*n**5/15 + 5*n**4/12 + n**3 + 5*n**2. Calculate h(r).
-3
Let q(o) = 19193*o + 2 + 19193*o - 38385*o. Let t(u) = -11*u - 1. Let y(m) = -7*m - 1. Let v(i) = -5*t(i) + 8*y(i). Let p be v(-9). Give q(p).
8
Let y = 91 - 20. Let d = y + -35. Let l(p) = -38*p**2 + d*p**2 - 3*p**3 - p**3 + 3*p**3. Calculate l(-2).
0
Let m(s) = -17*s - 10. Suppose 0 = -71*q + 74*q + 9. Let z(d) = 15*d + 7. Let t(k) = q*z(k) - 2*m(k). Give t(1).
-12
Let p(u) = -u**2 - 9*u + 6. Let r be p(-8). Let n(j) be the first derivative of 1/3*j**3 + 1/2*j**2 + r - 3*j. What is n(-3)?
3
Let k(u) be the third derivative of -u**4/24 + 11*u**3/3 - 601*u**2. What is k(12)?
10
Let r(c) = -32 + 27 + 591*c**2 - 1180*c**2 - 83 + 590*c**2. What is r(9)?
-7
Let w = -4686 + 14059/3. Let o(i) be the third derivative of 0*i - w*i**3 + 22*i**2 + 0 + 1/24*i**4. Calculate o(6).
4
Suppose -2*f - 4*r + 78 = -5*f, 2*r - 78 = 3*f. Let u = f + 27. Let i(b) = -2*b - 2 - 9*b**2 + u + b**2. What is i(-1)?
-7
Let r(h) be the third derivative of 2/3*h**3 + 31*h - 1/60*h**5 + h**2 + 0 - 1/12*h**4. Calculate r(-4).
-4
Let c(u) = 64*u**2 - 7*u + 41*u**2 - 106*u**2 + 17. What is c(-8)?
9
Let h be -2*((-450)/(-4))/15. Let d(w) = w**3 + 17*w**2 + 33*w + 5. Give d(h).
-40
Let y(g) be the second derivative of -g**5/20 - 5*g**4/12 + 2*g**3/3 + 7*g**2/2 + 121*g. Suppose 3*d + 5 + 10 = 0. Let l = d - 0. Give y(l).
-13
Let s(m) be the second derivative of 11*m**3/6 + 35*m**2/2 - 5487*m. Determine s(-7).
-42
Let m(n) = -n**3 + 8*n**2 + 9*n - 8. Suppose 0 = 12*z + 661 + 1127. Let t = 158 + z. Give m(t).
-8
Let h = -2425 - -2427. Let q(w) be the first derivative of -7/2*w**h - 19 + 3*w + 1/3*w**3. What is q(7)?
3
Let p(r) = -r + 7. Suppose 0 = -4*b + 5*a + 11, -5*b + a + 25 = 6*a. Let c(d) = -d + 8. Let z(f) = b*c(f) - 5*p(f). Determine z(3).
0
Let l(z) be the third derivative of z**4/24 - 2*z**3/3 + z**2 - 8532*z. Suppose 0*d + 40 = 5*d. Let t be (d - 6)/(1/2). Calculate l(t).
0
Let w(h) = -7*h**3 + 21*h**2 + 5*h + 8. Let v(q) = -4*q**3 - 31 + 3*q - 30 + 66 + 11*q**2. Let l(g) = 5*v(g) - 3*w(g). Calculate l(8).
1
Let z be 15/35 + 75/21. Let j = 12 + -10. Let m(p) = z*p - 7*p + 4*p + 5*p**2 + p**j. Give m(-1).
5
Let w(k) = 3*k + 4. Let q(d) = -2*d - 2. Let c be ((-2)/(-6))/(43/(-645)). Let z(x) = c*q(x) - 2*w(x). What is z(-1)?
-2
Let n(t) = 2*t**2 + 17*t + 30. Let o be n(-6). Let h(p) = -4 + 2*p - p + 3 + o. Calculate h(0).
-1
Let r(j) = -28*j - 5. Let l be -3 + 19*(-17)/(-323). Determine r(l).
51
Let w(f) = f**3 + 5*f**2 + 4*f - 4. Suppose -15 = 10*r - 5*r. Let i be w(r). Let s(k) = 3*k. What is s(i)?
6
Let t(o) = 13*o**3 + 2*o. Let a(v) = 27*v**3 + 5*v. Suppose -16 = 7*k - 37. Let j(y) = k*a(y) - 7*t(y). Give j(-1).
9
Let g(y) = 1268*y + 12684. Let v be g(-10). Let l(q) = -3*q - 10. Determine l(v).
-22
Let d(h) = -7*h**3 + 2*h**2 - 5*h + 2. Let x(n) = 4*n - 2 + n**2 + n**3 - 2*n**2 + 5*n**3. Let g = 355 - 360. Let s(o) = g*d(o) - 6*x(o). Give s(-3).
-10
Let c be (-7 + 78/12)*-4. Suppose 0 = q + f + 7 - 4, 4*q - c*f + 42 = 0. Let u(o) = o**2 + 7*o + 4. Give u(q).
12
Let m(z) = 15*z**2 - 24*z**2 + 65 - 10*z + 31*z + 10*z**2. Give m(-18).
11
Let u(w) = 8*w + 107. Let f be u(-12). Let r(n) = -2*n**2 + 26*n - 2. Give r(f).
42
Let l = 20 - -17. Suppose -13*o + l + 15 = 0. Let q(s) = -3*s**2 + 3*s + 5. Give q(o).
-31
Let a(d) be the first derivative of 1/3*d**3 + 42 - 1/4*d**4 - 4*d + 1/2*d**2. Determine a(0).
-4
Let x(j) = -12*j - 33. Let v be -9 + -6 + (0 - -10). What is x(v)?
27
Let f(l) = -2448*l**2 + 2449*l**2 + 111 - 103 + 10*l. What is f(-5)?
-17
Let i(q) = 8*q - 2. Let m(k) = k - 12. Let d(s) = 16*s. Let u be d(1). Let a be m(u). Suppose -a*n - n = -10. Calculate i(n).
14
Let x(z) = -z + 3. Suppose 5*k + 2*q - 41 = q, 5*q - 29 = -3*k. Suppose k*h + 30 - 14 = 0. Calculate x(h).
5
Let t(j) = -10*j + 97. Let v(h) = 12. Let b(n) = 3*t(n) - 24*v(n). What is b(2)?
-57
Let j be (165/99)/(10/(-36)). Let f(n) = 7*n**3 - 10*n**2 + 4*n + 4. Let v(u) = 15*u**3 - 23*u**2 + 9*u + 8. Let k(b) = j*v(b) + 13*f(b). What is k(-8)?
20
Let k be (3/2)/((-17 - -22)/(-70)). Let q(f) = -f**2 - 20*f + 4. Determine q(k).
-17
Let q be (-2)/(-4) + (-104)/(-16) + -6. Suppose 24 = -2*j + 5*s, 0 = -j - 2*s + q + 5. Let c(p) = 4*p**2 - 3*p - 3. What is c(j)?
19
Let r(t) = -2*t**2 - 7*t + 1. Suppose -200 = y - 197. Let f = y + 63. Let j = 55 - f. Give r(j).
-14
Let x(l) = 13370*l - 26695*l + 13363*l + 10 - l**3. Determine x(-6).
-2
Let a be (-380)/2090 + 237/33. Let j(f) = -27*f + 180. What is j(a)?
-9
Let y(b) = 17*b - 19. Let n(k) = 13*k - 1 - 58*k + 26*k + 23. Let t(p) = 5*n(p) + 6*y(p). Give t(3).
17
Suppose -5*s + 3*t + 581 = 0, s + t = 3*t + 112. Let z = 125 - s. Suppose 2*i + k = -2*i + 29, 3*i - 5*k + z = 0. Let x(w) = 3*w - 4. Give x(i).
14
Let s be ((-35)/14)/((-5)/12). Let x be s/24 + (-38)/(-8). Let p(b) = b**2 - 1. Let n(k) = -k**3 + 8*k**2 - 6*k + 4. Let d(g) = n(g) - 2*p(g). Calculate d(x).
1
Let y(u) = 11*u**3 - u**2 + 2*u + 2. Let h(i) = 64*i**3 + 2*i**2 - 2*i + 13. Let t(n) = -h(n) + 6*y(n). Determine t(4).
55
Let q = -2264 + 1538. Let b be q/102 + 2/17. Let p(t) = t**2 + 7*t - 12. Determine p(b).
-12
Let s = 10 - 6. Let z(q) be the third derivative of 0*q + 1/24*q**4 + 1/120*q**6 + 1/6*q**3 - 1/20*q**5 + 0 + 167*q**2. What is z(s)?
21
Let n(s) = -s**3 - 7*s**2 - s - 4. Let t be n(-7). Let w be (4/(-5))/((-2)/80). Let f(x) = -3 + w*x - 31*x + 2*x**2 - x**2. Determine f(t).
9
Let c be 3/(-7)*7*(-4)/6. Let t(q) = -9*q**2 + 10*q + 3 - 6*q**2 - 8*q**c + 34*q**2 - 10*q**2. Determine t(-9).
-6
Let u = 6281 - 6279. Let y(r) be the second derivative of 0 + u*r**2 + 1/3*r**3 + 3*r. Determine y(-3).
-2
Suppose 0 = -2*i - 4*i + 288. Let a = i - 38. Let k(b) = -9*b**2 + a*b + 5*b - 26*b + b**3 + 11. What is k(10)?
1
Let q(l) = -7*l - 41. Let i(w) = -7*w + 1. Let g be i(1). Let r be q(g). Let m(u) = 6*u**3 - u**2 + 2*u - 1. Determine m(r).
6
Let u = -25 - -29. Suppose 5*s - 3*s = -3*n + 15, -39 = -u*s - 3*n. Suppose -21*y = -s*y + 45. Let z(r) = r + 2. What is z(y)?
-3
Let r(s) be the third derivative of -s**4/24 - 5*s**3/6 - 4*s**2 - 200*s - 1. Let q = 11 + -7. Suppose 2*w = -q*d - 14, -d - 2*w + 2 = -7*w. Calculate r(d).
-2
Let u = 6 - 11. Let v(h) = 3*h**2 - 30*h - 29. Let n(t) = t**2 - 11*t - 10. Let l(j) = 11*n(j) - 4*v(j). Determine l(u).
-14
Let w(i) = i**3 + 16*i**2 - 18*i - 25. Suppose 9439 = -6*p - 3899. Let s be p/133 - 2/7. Determine w(s).
-8
Let w(k) = 20*k**2 - 13*k + 25*k**2 - 22*k - 46*k**2 + 56 + 40*k. Give w(11).
-10
Let r(p) = p**2 - 8*p + 7. Let x = -470 